{"id":23,"date":"2013-11-11T16:44:38","date_gmt":"2013-11-11T16:44:38","guid":{"rendered":"http:\/\/fppetanca.pt\/fpp\/?page_id=23"},"modified":"2025-09-09T11:13:13","modified_gmt":"2025-09-09T11:13:13","slug":"apresentacao","status":"publish","type":"page","link":"https:\/\/fppetanca.pt\/fpp\/institucional\/apresentacao\/","title":{"rendered":"Apresenta\u00e7\u00e3o"},"content":{"rendered":"<p>[et_pb_section fb_built=&#8221;1&#8243; admin_label=&#8221;section&#8221; _builder_version=&#8221;4.16&#8243; global_colors_info=&#8221;{}&#8221;][et_pb_row admin_label=&#8221;row&#8221; _builder_version=&#8221;4.16&#8243; background_size=&#8221;initial&#8221; background_position=&#8221;top_left&#8221; background_repeat=&#8221;repeat&#8221; global_colors_info=&#8221;{}&#8221; custom_margin=&#8221;-1px|auto||auto||&#8221;][et_pb_column type=&#8221;4_4&#8243; _builder_version=&#8221;4.16&#8243; custom_padding=&#8221;|||&#8221; global_colors_info=&#8221;{}&#8221; custom_padding__hover=&#8221;|||&#8221;][et_pb_text admin_label=&#8221;Text&#8221; _builder_version=&#8221;4.27.4&#8243; background_size=&#8221;initial&#8221; background_position=&#8221;top_left&#8221; background_repeat=&#8221;repeat&#8221; hover_enabled=&#8221;0&#8243; global_colors_info=&#8221;{}&#8221; sticky_enabled=&#8221;0&#8243;]<\/p>\n<h2>\u00a0<strong>A FEDERA\u00c7\u00c3O PORTUGUESA DE PETANCA (F.P.P.)<a href=\"https:\/\/fppetanca.pt\/fpp\/wp-content\/uploads\/2013\/11\/Logo_FPP.png\"><img loading=\"lazy\" decoding=\"async\" class=\"size-thumbnail wp-image-66 alignright\" style=\"margin-left: 3px; margin-right: 3px;\" title=\"Log\u00f3tipo da Federa\u00e7\u00e3o Portuguesa de Petanca\" src=\"https:\/\/fppetanca.pt\/fpp\/wp-content\/uploads\/2013\/11\/Logo_FPP-150x150.png\" alt=\"Logo_FPP\" width=\"150\" height=\"150\" \/><\/a><\/strong><\/h2>\n<p>\u00c9 uma Federa\u00e7\u00e3o unidesportiva, pessoa colectiva constitu\u00edda sob a forma de associa\u00e7\u00e3o sem fins lucrativos, dotada de utilidade p\u00fablica desportiva.\u00a0Que se rege pelo regime jur\u00eddico das federa\u00e7\u00f5es e subsidiariamente pelo regime jur\u00eddico das associa\u00e7\u00f5es de direito privado, para al\u00e9m, das normas internacionais\u00a0aplic\u00e1veis, bem como pelos presentes estatutos e regulamentos complementares.<\/p>\n<p>&nbsp;<\/p>\n<h3><strong>\u00c2mbito e Fins<\/strong><\/h3>\n<p>A F.P.P. \u00e9 a entidade m\u00e1xima nacional da modalidade de Petanca, engloba clubes, associa\u00e7\u00f5es de \u00e2mbito territorial, praticantes, t\u00e9cnicos, ju\u00edzes, \u00e1rbitros e demais entidades\u00a0que promovam, pratiquem ou contribuam para o desenvolvimento da modalidade.<\/p>\n<p>A F.P.P. prossegue, entre outros, os seguintes objectivos gerais:<\/p>\n<ul>\n<li style=\"list-style-type: none;\">\n<ul>\n<li>Promover, regulamentar e dirigir a n\u00edvel nacional a pr\u00e1tica da Petanca;<\/li>\n<li>Representar perante a administra\u00e7\u00e3o p\u00fablica o interesse dos seus filiados;<\/li>\n<li>Representar a modalidade junto das organiza\u00e7\u00f5es desportivas internacionais onde se encontram filiadas, bem como assegurar a participa\u00e7\u00e3o competitiva das selec\u00e7\u00f5es nacionais;<\/li>\n<li>Manter rela\u00e7\u00f5es de coopera\u00e7\u00e3o com todas as outras federa\u00e7\u00f5es filiadas na Federa\u00e7\u00e3o Internacional de P\u00e9tanca e Jogo Proven\u00e7al, tendo em vista o fomento de interc\u00e2mbio desportivo e cultural.<\/li>\n<\/ul>\n<\/li>\n<\/ul>\n<p>&nbsp;<\/p>\n<p>[\/et_pb_text][\/et_pb_column][\/et_pb_row][\/et_pb_section]<\/p>\n","protected":false},"excerpt":{"rendered":"<p>\u00a0A FEDERA\u00c7\u00c3O PORTUGUESA DE PETANCA (F.P.P.) \u00c9 uma Federa\u00e7\u00e3o unidesportiva, pessoa colectiva constitu\u00edda sob a forma de associa\u00e7\u00e3o sem fins lucrativos, dotada de utilidade p\u00fablica desportiva.\u00a0Que se rege pelo regime jur\u00eddico das federa\u00e7\u00f5es e subsidiariamente pelo regime jur\u00eddico das associa\u00e7\u00f5es de direito privado, para al\u00e9m, das normas internacionais\u00a0aplic\u00e1veis, bem como pelos presentes estatutos e regulamentos [&hellip;]<\/p>\n","protected":false},"author":1,"featured_media":0,"parent":14,"menu_order":0,"comment_status":"closed","ping_status":"closed","template":"","meta":{"_et_pb_use_builder":"on","_et_pb_old_content":"&nbsp;\r\n\r\n<strong>A FEDERA\u00c7\u00c3O PORTUGUESA DE PETANCA (F.P.P.)<a href=\"http:\/\/fppetanca.pt\/fpp\/wp-content\/uploads\/2013\/11\/Logo_FPP.png\"><img class=\"size-thumbnail wp-image-66 alignright\" style=\"margin-left: 3px; margin-right: 3px;\" title=\"Log\u00f3tipo da Federa\u00e7\u00e3o Portuguesa de Petanca\" src=\"http:\/\/fppetanca.pt\/fpp\/wp-content\/uploads\/2013\/11\/Logo_FPP-150x150.png\" alt=\"Logo_FPP\" width=\"150\" height=\"150\"><\/a><\/strong>\r\n\r\n\u00c9 uma Federa\u00e7\u00e3o unidesportiva, pessoa colectiva constitu\u00edda sob a forma de associa\u00e7\u00e3o sem fins lucrativos, dotada de utilidade p\u00fablica desportiva.&nbsp;Que se rege pelo regime jur\u00eddico das federa\u00e7\u00f5es e subsidiariamente pelo regime jur\u00eddico das associa\u00e7\u00f5es de direito privado, para al\u00e9m, das normas internacionais&nbsp;aplic\u00e1veis, bem como pelos presentes estatutos e regulamentos complementares.\r\n\r\n&nbsp;\r\n<strong>\u00c2mbito e Fins<\/strong>\r\n\r\nA F.P.P. \u00e9 a entidade m\u00e1xima nacional da modalidade de Petanca, engloba clubes, associa\u00e7\u00f5es de \u00e2mbito territorial, praticantes, t\u00e9cnicos, ju\u00edzes, \u00e1rbitros e demais entidades&nbsp;que promovam, pratiquem ou contribuam para o desenvolvimento da modalidade.\r\n\r\nA F.P.P. prossegue, entre outros, os seguintes objectivos gerais:\r\n<ul>\r\n \t<li>Promover, regulamentar e dirigir a n\u00edvel nacional a pr\u00e1tica da Petanca;<\/li>\r\n \t<li>Representar perante a administra\u00e7\u00e3o p\u00fablica o interesse dos seus filiados;<\/li>\r\n \t<li>Representar a modalidade junto das organiza\u00e7\u00f5es desportivas internacionais onde se encontram filiadas, bem como assegurar a participa\u00e7\u00e3o competitiva das selec\u00e7\u00f5es nacionais;<\/li>\r\n \t<li>Manter rela\u00e7\u00f5es de coopera\u00e7\u00e3o com todas as outras federa\u00e7\u00f5es filiadas na Federa\u00e7\u00e3o Internacional de P\u00e9tanca e Jogo Proven\u00e7al, tendo em vista o fomento de interc\u00e2mbio desportivo e cultural.<\/li>\r\n<\/ul>\r\n&nbsp;","_et_gb_content_width":"","ngg_post_thumbnail":0,"footnotes":""},"class_list":["post-23","page","type-page","status-publish","hentry"],"_links":{"self":[{"href":"https:\/\/fppetanca.pt\/fpp\/wp-json\/wp\/v2\/pages\/23","targetHints":{"allow":["GET"]}}],"collection":[{"href":"https:\/\/fppetanca.pt\/fpp\/wp-json\/wp\/v2\/pages"}],"about":[{"href":"https:\/\/fppetanca.pt\/fpp\/wp-json\/wp\/v2\/types\/page"}],"author":[{"embeddable":true,"href":"https:\/\/fppetanca.pt\/fpp\/wp-json\/wp\/v2\/users\/1"}],"replies":[{"embeddable":true,"href":"https:\/\/fppetanca.pt\/fpp\/wp-json\/wp\/v2\/comments?post=23"}],"version-history":[{"count":13,"href":"https:\/\/fppetanca.pt\/fpp\/wp-json\/wp\/v2\/pages\/23\/revisions"}],"predecessor-version":[{"id":2487,"href":"https:\/\/fppetanca.pt\/fpp\/wp-json\/wp\/v2\/pages\/23\/revisions\/2487"}],"up":[{"embeddable":true,"href":"https:\/\/fppetanca.pt\/fpp\/wp-json\/wp\/v2\/pages\/14"}],"wp:attachment":[{"href":"https:\/\/fppetanca.pt\/fpp\/wp-json\/wp\/v2\/media?parent=23"}],"curies":[{"name":"wp","href":"https:\/\/api.w.org\/{rel}","templated":true}]}}